-15. Calculate the greatest common factor of 12 and s.
6
Let y = 351 - 328. Calculate the greatest common factor of y and 23.
23
Let t(l) = 57*l + 142. Let b be t(-1). Calculate the highest common divisor of 51 and b.
17
Suppose 2*g + 3*g = 245. Let u(c) = 5*c - 10. Let d be u(11). Suppose -5*b + 0*n + d = -5*n, 4*n = -8. What is the greatest common factor of b and g?
7
Suppose 146 = 2*b - 50. What is the greatest common factor of b and 10?
2
Let n = 268 - 260. What is the highest common divisor of n and 232?
8
Suppose -11*z + 235 = -942. Let r = z - 47. Let o = 4 + 8. Calculate the greatest common divisor of o and r.
12
Suppose -42*d + 2400 = 38*d. Calculate the greatest common divisor of d and 2220.
30
Suppose 994 = -0*s + 14*s. What is the greatest common factor of 2 and s?
1
Let p(u) = 46*u - 2. Let x be p(3). Let g(m) = -3*m**2 + 51*m - 31. Let j be g(16). What is the highest common factor of j and x?
17
Suppose -6143 = -9*n - 4388. What is the highest common factor of n and 273?
39
Let v(z) be the second derivative of 5*z**3/3 - 4*z**2 - 19*z. Let m be v(8). What is the highest common factor of 8 and m?
8
Let q(v) = v**3 - 4*v**2 + v - 3. Let j be q(4). Let f(a) = -5*a + 6. Let x be f(6). Let s be x/108 - (-58)/18. Calculate the highest common factor of j and s.
1
Suppose 4*f = -4*o + 240, -3*f + 115 + 5 = 2*o. What is the highest common divisor of o and 180?
60
Let t = 1184 + -725. Calculate the greatest common factor of t and 51.
51
Let o = 3052 + -2854. What is the highest common divisor of o and 90?
18
Let p = -2055 + 2064. Suppose -4*l + 7 = -2*m - 3, 2 = 5*m - l. Let j be 2 - m - 142/(-2). What is the greatest common divisor of j and p?
9
Let a(l) = -10*l. Let p be a(-2). Let j = p + -13. Let i(o) = 6*o**2 - o. Let m be i(-1). What is the highest common divisor of j and m?
7
Let p(k) = -k**3 + 13*k**2 + k - 36. Let c be p(6). Calculate the greatest common factor of 111 and c.
111
Suppose -o - 90 = -6*o. Let r(j) = -6*j + 4. Let k be r(-2). Let n be 2/(4/4) + k. What is the highest common divisor of o and n?
18
Let m(w) = 3*w + 8 + 0*w + 4*w + 0*w. Let f be m(6). Let r(p) = 2*p**3 + 2*p**2 + 2*p - 3. Let s be r(2). What is the highest common divisor of f and s?
25
Let r(s) = 2 - 10*s + 11*s**2 + 7 - 10*s**2 - 3. Let l be r(11). Calculate the greatest common divisor of l and 187.
17
Suppose -4*b + 6*k + 35 = 3*k, -35 = -5*b - 5*k. Suppose -11*f + 10*f = -b. What is the highest common divisor of f and 4?
4
Let x be (-78)/(-2)*-2*(-15)/2. What is the highest common factor of x and 15?
15
Suppose 0 = 4*g - 2*g - 6. Suppose 5*n - 2*r = 183, -g*n + r - 6*r + 116 = 0. What is the greatest common factor of n and 333?
37
Let v(b) = 2*b**2 - 21*b - 156. Let d be v(-6). Calculate the greatest common divisor of 273 and d.
21
Let n(t) = 5*t**2 - 6*t + 3. Let b be n(5). Suppose j - b = 28. Suppose 3*y - 42 = 4*l, 5*l - 8 + 64 = 4*y. What is the greatest common divisor of y and j?
14
Let z be (14 - 9)*4/(-10). Let w = 5 + z. What is the greatest common divisor of 27 and w?
3
Let n be 3 - -1 - (1 + 0). Suppose x + 55*y = 53*y + 25, 5*y = x + 31. What is the greatest common divisor of x and n?
3
Let r be 501/15 - (-4)/(-10). Let p = -1 + 30. Let z = -18 + p. Calculate the greatest common divisor of r and z.
11
Let t be -3 + 6*42/36. What is the highest common divisor of 12 and t?
4
Suppose -p = -2*p - 5*s + 26, -s - 14 = -3*p. Suppose 0 = u - p*u + 85. Let z = 19 - u. Calculate the highest common factor of 12 and z.
2
Let n(j) = -j**3 + 11*j**2 - 10*j + 36. Let a be n(10). What is the greatest common factor of a and 168?
12
Let a = -119 - -182. What is the greatest common factor of 35 and a?
7
Let j be (-7 - -6) + -60 + 1. Let s = -28 - j. What is the greatest common divisor of s and 64?
32
Let d be 555 + (-28)/(56/(-8)). What is the greatest common factor of 39 and d?
13
Suppose 0 = -4*x - 3*j + 93, 140 = 5*x - 4*j + 3*j. Calculate the greatest common divisor of 36 and x.
9
Suppose 4*c - 37 = -u + 72, -2*c + 44 = 4*u. Let o = 11 + c. Calculate the greatest common factor of o and 351.
39
Suppose 2*t = 3*t - 2. Suppose -t*r - 41 = -3*r. Suppose -r = -5*f + 44. Calculate the greatest common divisor of f and 187.
17
Let b be (11259/695)/(2/20). Let l be (-36)/(-2) - (1 - 1). What is the highest common factor of l and b?
18
Suppose -4*r + 0*r + 120 = 0. Let h = -18 - -6. Let y = -2 - h. What is the highest common factor of y and r?
10
Let j = 5758 + -2818. Calculate the highest common divisor of 84 and j.
84
Let m(b) = b + 8. Let r be m(-6). Suppose 49 = 4*t + v, 5*v - 4*v + 17 = r*t. Suppose 29 + t = 4*g. What is the greatest common divisor of g and 20?
10
Let q(t) = 3*t**3 - t**2 - 1. Let j be q(2). Let w = -623 + 348. Let r = 427 + w. What is the greatest common divisor of r and j?
19
Let y be 3*(-6)/117 + (-730)/(-13). Suppose 26*g - 28*g + y = 0. What is the highest common factor of g and 4?
4
Let m(a) = -a**3 - 6*a**2 - 4*a + 3. Let y be (-10)/(-25) + 74/(-10). Let v be m(y). Suppose 5*d = v - 15. What is the highest common divisor of 104 and d?
13
Suppose 148 = -10*k + 48. Let q be 47/(-1) - 1/(-1). Let h = k - q. What is the greatest common factor of h and 24?
12
Suppose 0 = -c + 4*h + 345, 3*c - 8*c + 1776 = -3*h. What is the highest common divisor of 255 and c?
51
Let h(b) = 25*b + 90. Let u be h(9). Calculate the highest common divisor of 45 and u.
45
Let n be ((-8)/10)/((-4)/20). Suppose 2*h - 10 = 3*h - 5*b, -2*h - n*b = -36. What is the highest common divisor of h and 70?
10
Suppose 0 = -3*m + 6*m + 21. Let f(q) = 11 + 4*q - 10*q - q. Let j be f(m). Calculate the greatest common factor of j and 24.
12
Let n = -432 - -732. Calculate the greatest common factor of n and 360.
60
Suppose -n - 3*n = -16. Let d = -55 + 36. Let s = 20 + d. What is the highest common factor of s and n?
1
Let n(j) = j**2 + j - 1. Let o(b) = -13*b - 3. Let g(d) = -n(d) - o(d). Let s = -82 - -93. Let w be g(s). Calculate the highest common divisor of 45 and w.
15
Let m(n) = -n**2 - 2*n**2 + 2*n - n**2 - 5*n + 3 - n**3. Let g be m(-3). Calculate the greatest common factor of g and 24.
3
Let q = -74 + 162. What is the highest common divisor of 660 and q?
44
Suppose 0*f = 29*f - 203. Calculate the highest common divisor of 959 and f.
7
Suppose 0 = -j + 3*k + 4, -5*j + 0*k = k - 36. Suppose 0 = -3*w + s + 234, 4*w - 47*s - 320 = -43*s. Calculate the highest common divisor of w and j.
7
Let n(b) = -9*b**3 + b + 2. Let c be n(-1). Let u be 120/16*(-8)/(-6). Let s be (u/(-6))/(12/(-288)). What is the highest common divisor of c and s?
10
Suppose n = 62 + 80. Let l be (0 - 1)*(-32 + 1). Suppose -l + 287 = 5*x - 3*b, 4*b - n = -3*x. Calculate the highest common factor of x and 10.
10
Let b = -772 + 868. Calculate the greatest common divisor of b and 6.
6
Suppose -v = 2*v - 72. Let z(d) = -3*d + 1. Let u = -12 - -7. Let s be z(u). Calculate the greatest common divisor of s and v.
8
Let n(g) = -26*g - 23. Let x be n(-3). Let c(v) = v**3 - 7*v**2 + 2*v - 9. Let z be c(7). Calculate the greatest common divisor of x and z.
5
Let j(b) = b**3 - 6*b**2 + b + 6. Let l be j(5). Let q be (-75)/(-35) - (-2)/l. Let c be (-14)/(3*q/(-3)). Calculate the highest common factor of 35 and c.
7
Let a = -401 + 513. Calculate the highest common factor of 16 and a.
16
Let p be (-7)/42 - (3 - 21508/24). What is the greatest common divisor of p and 38?
19
Let y = 4793 - 4730. Suppose k - 24 = 18. Calculate the highest common divisor of k and y.
21
Suppose -5*s + 84 = b, -16 = 4*s - 4. Let i = 50 + -25. Suppose 3*m - 2 - i = 0. Calculate the highest common factor of b and m.
9
Suppose 3*u = -b + 377, -131 = 3*u - 4*u + 5*b. Let j = 2113 + -2029. What is the highest common divisor of u and j?
42
Let v(r) be the first derivative of -r**3/3 - 6*r**2 - 3*r + 2. Let w be v(-7). Calculate the highest common factor of w and 64.
32
Suppose -4*d + 4 = 5*z - z, 3*z + d = 5. Suppose 0 = 19*v - 22*v - t + 65, -v - t + 21 = 0. What is the highest common factor of v and z?
2
Let y be ((-294)/56)/(1/(-36)). Calculate the highest common factor of 7 and y.
7
Let a = 192 - 68. Let l = 25 + 6. Calculate the highest common divisor of l and a.
31
Suppose 2 = 3*s - 4. Suppose 6*x = h + x - 30, 3*h - 22 = -s*x. Let z = 